= 4*d. Suppose -20 = -4*n + f. List the prime factors of n.
2
Let x(u) = u**3 - 5*u**2. Let r be x(5). List the prime factors of ((-1)/(-3) + r)*18.
2, 3
Suppose -2*a - 18 = -4*a. Suppose -29 = -5*u - 2*g - g, -3*g = -a. What are the prime factors of u?
2
Let k(z) = z + 4. Let a be k(-5). What are the prime factors of 0 - a - (-5 - 5)?
11
Suppose -3*v + 28 = 2*c + 2*c, -3*v + 4*c = -44. Let q be (-1)/((-2)/5)*v. Suppose -2*m + 29 = 3*z, 2*m = -2*z + q + 2. List the prime factors of m.
19
List the prime factors of (1 - 108/8)*-26.
5, 13
Let h be 1/(-3 + 26/8). Suppose -y = 2*l + 4*y - 43, 5*y = -h*l + 91. What are the prime factors of l?
2, 3
What are the prime factors of 36/162 + (0 - (-1393)/9)?
5, 31
Suppose -504 = 5*q - 9*q. List the prime factors of q.
2, 3, 7
Suppose i = 6*i - 5*t + 300, -5*t - 270 = 5*i. Let w = -29 - i. Let u = w + -15. What are the prime factors of u?
13
Suppose 0 = 5*w + 38 + 7. Let d = w + 13. Suppose -y + d = -0. List the prime factors of y.
2
Let l be 6/(-9) - 5/(-3). Let g be -2*l*(-1)/2. Suppose u + g = 3. What are the prime factors of u?
2
Let y(b) = 12*b**2 - 2*b + 1. List the prime factors of y(-3).
5, 23
Suppose 5*w + 2*n = 80, 0*w + 5*w = 2*n + 60. Let j = 5 + w. What are the prime factors of j?
19
Let y be (-5 + 2)/((-3)/2). List the prime factors of (-82)/(-8) + y/(-8).
2, 5
Let r = -1 + 5. Let w = r - 1. List the prime factors of (w/(2 - 1))/1.
3
Let t(c) = -2*c. Let j be t(-1). Suppose s - 15 = -j*s. Suppose 3*r = g + s*r - 11, 2*g - 2*r - 10 = 0. What are the prime factors of g?
7
Suppose 3*f - 15 = -6. Suppose f*j - 2*j = 13. What are the prime factors of j?
13
Suppose -4*n - 2*t - 2 = -n, -3*n = 3*t. Let y be (2/5)/(n/(-10)). Suppose 2*w + o - 7 = y, 5*o - 1 = w. List the prime factors of w.
2
Let k be -2 + 2 - (-4)/2. Suppose k*u - 8 = -2. What are the prime factors of u?
3
Suppose -4*j = -3*m - 268, 6*m + 342 = 5*j + 4*m. List the prime factors of j.
2, 5, 7
Let f(j) = j**3 - 9*j**2 + 10*j. What are the prime factors of f(8)?
2
Let x(u) = -u**3 + 9*u**2 - u + 13. Let t(j) = -j**3 + 5*j**2 - 2*j + 1. Let d be t(4). List the prime factors of x(d).
2
Let t = -47 + 129. List the prime factors of t.
2, 41
Let m(k) = 38*k**2 - 9*k - 12. Let h(b) = -13*b**2 + 3*b + 4. Let x(f) = 8*h(f) + 3*m(f). What are the prime factors of x(-2)?
2, 3, 7
What are the prime factors of ((-48)/10)/(5/(-25))?
2, 3
Suppose -4*z = -z - 12, -2*z = -2*m - 24. What are the prime factors of ((-1)/2)/(m/176)?
11
Let z be 90/(-20)*(-28)/(-6). Let x = z - -44. What are the prime factors of x?
23
List the prime factors of (5/3)/((-145)/(-36) + -4).
2, 3, 5
Let o(j) = -35*j**3 + 1. Let m be o(-1). Suppose 4*c + 4*h - m = -c, 2*h = -5*c + 38. What are the prime factors of c?
2
Let h = -7 - -11. Suppose -4 - h = -4*s. Suppose -s*x = -4*x + 4. What are the prime factors of x?
2
Suppose -4*k + 2*g = -28 - 70, -g = 4*k - 107. Suppose -k = -0*y - 2*y. List the prime factors of y.
13
Suppose 5*y - 10 = -3*f + 4*f, 3*f = 5*y. Suppose -2*q - q + 3*b + 156 = 0, 0 = -y*q - 4*b + 121. List the prime factors of q.
47
Let g = -6 + 9. Suppose x + 2 = -3*a, g*a - a = -5*x - 10. Suppose a = -2*f + 6*f - 24. List the prime factors of f.
2, 3
Suppose 2*t + 29 = -3*g, 13 + 10 = -g + 2*t. Let l(x) = -2*x - 22. What are the prime factors of l(g)?
2
Suppose -2*n + 11 = n - 5*l, 4*n - 5*l - 13 = 0. Suppose 10 + 56 = n*q. What are the prime factors of q?
3, 11
Let a(g) = g - 1. List the prime factors of a(15).
2, 7
Let s(d) = 3*d. Let q be s(1). Suppose 4*w = -2*t - 16, -q*w - t - 11 - 3 = 0. Let y = 12 + w. What are the prime factors of y?
2, 3
Let t(b) = -3*b + 4*b - 6*b**2 + 0*b. Let c be t(-1). Let l = -4 - c. What are the prime factors of l?
3
Let f be -1*(-1)/3*0. Suppose -4*w + 48 = 4*c, -w - 4*w + 3*c + 92 = f. List the prime factors of w.
2
Let g = 4 - 0. What are the prime factors of g?
2
Let j = -16 + 8. Let p(f) = f**2 - 4. Let u be p(j). Suppose 5*s - u = s. List the prime factors of s.
3, 5
List the prime factors of (-3 - (-16)/4) + 38.
3, 13
Let y be (-38)/8*(-3 - 1). Let m = y + -13. What are the prime factors of m?
2, 3
Let f = 71 - 66. Let w(r) = 3*r**2 - 2*r - 4. Let l be w(4). Suppose -p = 2*s - 3, -l = -f*p + 2*s - 5*s. What are the prime factors of p?
3
Suppose 11 = 4*n - y, 7*n - y - 13 = 2*n. Suppose 0 = b - n. Suppose -11 = -b*u + 11. What are the prime factors of u?
11
Let y(h) = -h**3 + 11*h**2 + 18*h - 18. What are the prime factors of y(9)?
2, 3, 17
Let r(t) = -t + 2. Suppose 0 = h + 3 - 8. Let j = h + -11. What are the prime factors of r(j)?
2
Let d(f) = 10*f - 2. Let i be d(-2). Let c = 18 - i. Suppose -4*y = y - c. List the prime factors of y.
2
Let x(j) = -j**3 + 6*j**2 + 2*j + 2. Let r be -12*(2 - 15/6). What are the prime factors of x(r)?
2, 7
Let z be 0 - ((-1 - -1) + 47). Let b = -33 - z. What are the prime factors of b?
2, 7
Let w(p) be the third derivative of -5*p**4/12 - 3*p**2. Let u be w(1). What are the prime factors of -5*(26/u - -2)?
3
What are the prime factors of (-1 + 57/9)*6?
2
Let m(p) = p**3 - 5*p**2 - 5*p - 4. Let g be m(6). Suppose b + 22 = g*b. List the prime factors of b.
2, 11
Let g(p) = 34*p - 3. List the prime factors of g(2).
5, 13
Let p(w) = w**3 + 7*w**2 - 9*w - 9. Let g be p(-8). Let x = 4 - g. Suppose -4 = -x*h + 1, 0 = 4*j + 3*h - 11. What are the prime factors of j?
2
Let c be -1 + 1 + -21 + -2. Let j = 32 + c. Let w = -6 + j. List the prime factors of w.
3
Suppose 3*j = 2*c - 5*c + 12, 4*c - 13 = -3*j. Suppose -4*z = -7*z + 15. Suppose j*g + z = 53. List the prime factors of g.
2
Let n be ((-6)/4)/(3/(-18)). Suppose 2*b - 2*w = -0 + 6, 0 = 2*b + w - n. What are the prime factors of b?
2
Suppose 24 = -2*g + 8. Let z = g + 25. List the prime factors of z.
17
Let a be 0 + (1/(-1) - -2). Let z(d) = 43*d. Let i be z(a). Suppose 5*k + 3 = i. What are the prime factors of k?
2
Let r(j) = -12*j - 11. What are the prime factors of r(-14)?
157
Suppose y - 9 = 4*y. What are the prime factors of (-2)/(-2) + y - -12?
2, 5
Suppose 2*c - c + 1290 = 5*v, -3*v + c + 772 = 0. What are the prime factors of v?
7, 37
Suppose -25*f = -22*f + 54. What are the prime factors of (18/54)/((-1)/f)?
2, 3
Suppose -4*k - 61 = -5*k. List the prime factors of k.
61
Let q = -13 - -25. Suppose 0 = -4*g + 32 + q. What are the prime factors of g?
11
Let k(z) = -14*z**3 + z - 1. Let y be k(1). Let g = y - -32. What are the prime factors of g?
2, 3
Let r be (42 + -3)*(3 - 0). Let z = r - 71. What are the prime factors of z?
2, 23
Suppose 5*m - 4*w = -2 - 50, 0 = -4*m + 2*w - 38. Let y be (-58)/m + 5/(-20). Let a = y + 2. What are the prime factors of a?
3
Let z be -3 - -109 - (-2 - 1). Let w = z + -67. List the prime factors of w.
2, 3, 7
Let b(t) = 36*t + 24. List the prime factors of b(8).
2, 3, 13
Let d = -21 + 47. What are the prime factors of d?
2, 13
Let i(q) = q**2 - 4*q - 1. Suppose -2*u - 7 = -19. List the prime factors of i(u).
11
Suppose 204 = 5*m + 2*l, 2*m - 112 = -m + 4*l. Let w = m + -7. What are the prime factors of w?
3, 11
Let s be 12*1/6*3. Let q be 8*(15/s - 2). Suppose 0*f = -d + 3*f + 28, -5*d + 45 = q*f. List the prime factors of d.
13
Let v(r) = r**3 + 10. Let i be v(0). Suppose 0 = -2*y + 8, 0*k + 5*y = -5*k + i. Let a = 5 - k. List the prime factors of a.
7
What are the prime factors of (-1)/(-6) - (-23647)/102?
2, 29
Suppose 0 = 3*q + 5*x + 20, 2*q + x + 8 = -x. Suppose -5*t + 90 = -q*t. List the prime factors of t.
2, 3
Let a(l) = -l**3 + 8*l**2 + 10*l + 3. List the prime factors of a(9).
2, 3
Let j(q) = -q**3 - 2*q**2 + 2*q + 3. What are the prime factors of j(-5)?
2, 17
Let j(m) = -19*m + 1. What are the prime factors of j(-1)?
2, 5
Let b(j) = j**2 - 17*j + 36. Let u be b(15). Suppose -3 = -g + 21. Suppose u*o - g = 4*o. What are the prime factors of o?
2, 3
Let n = 4 - 4. Suppose -4*l - 113 = 5*t, -5*l + l - 4*t - 108 = n. Let v = l + 42. List the prime factors of v.
2, 5
What are the prime factors of 28/(-42) + 358/6?
59
Let y(c) = -9*c**3 - c**2. Let k be y(-1). Suppose -2*s = -3*q - k, 2*q = 5*s - 61 + 19. What are the prime factors of s?
2, 5
Suppose 4*o = 20 - 4. Suppose o*s - 45 = 3*s. What are the prime factors of s?
3, 5
What are the prime factors of (-9)/18 + -10*(-201)/12?
167
Suppose -16